git of z(a)?
1
Let q be (50/(-15))/((-1)/(-3)). What is the units digit of (8/(-6))/(q/435)?
8
Let p = 198 + -195. Let k = 7 + -4. Suppose -f - q = -0*f - 30, -p*q = k. What is the units digit of f?
1
Let k(v) = v**2 - 7*v - 6. Let q(d) be the second derivative of -d**4/12 + 7*d**3/6 + 5*d**2 - 4*d. Let z be q(7). What is the units digit of k(z)?
4
Let f(t) = 8 - 17 - 7*t + 23*t. What is the tens digit of f(6)?
8
Let j(x) = 109*x**2 + 7*x + 129. What is the thousands digit of j(-7)?
5
Suppose -3*y = -20*y + 11373. What is the units digit of y?
9
Suppose 937 - 18477 = -5*s. What is the thousands digit of s?
3
What is the hundreds digit of 3/((-9)/(-8))*25641/132?
5
Let t(s) = s**2 - 12*s - 4. Let l be t(12). Let a = 0 - l. Suppose 0 = -a*n - 7 + 51. What is the tens digit of n?
1
Suppose -y + 356 + 34 = 0. Let f = y - 220. What is the tens digit of f?
7
Suppose 4*x - 6*o - 7 = -3*o, -5*o = x - 19. Suppose 2*n + 0*r - x*r - 10 = 0, 3*n = -5*r + 4. What is the units digit of n?
3
Let c(u) = 7*u**2 - 3*u - 2. Let w = 18 - 25. Let a(f) = -f**2 - 6*f + 5. Let b be a(w). What is the tens digit of c(b)?
3
Let b(r) = 5*r - 5. Let q be (-165)/35 - (-4)/(-14). Let f be b(q). Let y = -21 - f. What is the units digit of y?
9
Suppose -3*w + 187 = 4*k - 75, -406 = -5*w + k. Let z = -30 + w. What is the tens digit of z?
5
Let t = -10 + 8. Let i be (0 + t)*(5 + -6). What is the units digit of (i + -4)/(-1)*1?
2
Let x(y) = y**2 - 7*y - 3. Let l be x(8). Suppose 9 = d + l. Suppose -98 = -5*n + 4*s + 27, -25 = -n - d*s. What is the tens digit of n?
2
Let q(z) = z**3 - 4*z**2 - 7*z - 6 + 16*z - 12*z. Let j be q(5). What is the units digit of (-22)/j*(-2 + -2)?
2
Let q = -84 + 88. What is the units digit of 1/q - (-14041)/76?
5
Let s(o) = -51*o - 5. Let b be s(-2). Let i = -42 + b. What is the tens digit of i?
5
Let l = 16 - 11. Suppose 4*m + 93 = l*m. What is the tens digit of m?
9
Suppose 2*y = -4*g + 22 + 2, -4*y - 2*g = -18. Let u(s) = -201 + 200 + 2*s + 40*s**y + 13*s**2. What is the tens digit of u(1)?
5
Suppose 2*c = 6, 5*r - 5155 = c + 11057. What is the units digit of r?
3
Let z(k) = 4*k - 14. Let w be z(8). Let c be (-4 - -3) + 3 - -8. Let h = w + c. What is the tens digit of h?
2
Let t = -1231 + 2139. What is the hundreds digit of t?
9
Let c be (-1)/(-2)*(23 - 9). Suppose 0 = q - 2*k - c, 2*k - 3 = -4*q + 5*k. What is the units digit of q/(9/6) - -21?
9
Suppose -2*y + 2*p = -5508, 0 = -93*y + 92*y - 5*p + 2778. What is the hundreds digit of y?
7
Suppose c - 2*c - 1055 = -4*x, -10 = -2*c. Let r = x - 183. What is the units digit of r?
2
Let f(r) = -105*r - 2. Let n(i) = i. Let p(g) = f(g) - 6*n(g). What is the tens digit of p(-1)?
0
Suppose -2*z = 3*y - 1425, 3*y + 2*z - 3*z = 1416. What is the hundreds digit of y?
4
Let b(a) = -32*a + 1. Let q be b(-3). Let g = -47 + q. What is the tens digit of g?
5
Let f(o) be the first derivative of 4*o**3/3 - o**2 - 3*o + 4. What is the units digit of f(3)?
7
Suppose 5*j + 4*l - 84 = 0, l + 69 = 4*j + 6*l. Suppose -j*i + 670 = -11*i. What is the hundreds digit of i?
1
Let s(w) be the first derivative of -w**4/4 + 5*w**3/3 - w**2 + 2. Let k be s(3). Suppose -v + 0*v = -k. What is the units digit of v?
2
Let p = 2616 + -1683. What is the tens digit of p?
3
Let t(i) = -i**3 + 2*i**2 + 8*i - 3. What is the tens digit of t(-5)?
3
Let h be 10/5 - -5*68. Let w = -196 + h. What is the tens digit of w?
4
Let z(a) = 18*a**2 - 2*a - 1. Let n = -20 + 19. Let s be z(n). Let v = s - 16. What is the units digit of v?
3
Let m be 7/3 - 10/(-15). Suppose b + 5*l - 7 = 0, m*l = b - 4*b + 21. Let f = 16 + b. What is the units digit of f?
3
Let m(p) = 177*p - 9. What is the units digit of m(3)?
2
Suppose z + 630 = 73. Let u = z - -809. What is the hundreds digit of u?
2
What is the units digit of ((-55)/(-10) + -7)/((-6)/3260)?
5
Let w(s) = 101*s - 1042. What is the units digit of w(14)?
2
Let r = 4 - 2. Suppose -232*u + 236*u = 256. Suppose -5*i - 3*b = -202, b = r*i - 2*b - u. What is the tens digit of i?
3
Let t(b) = -35*b + 622. What is the thousands digit of t(-73)?
3
Let t(g) = -135*g**2 - 2*g - 1. Let w be t(-1). Let r = 259 + w. Let d = r - 83. What is the units digit of d?
2
What is the units digit of -2*(-8 - (213 + -4))?
4
Let g = 14 - 5. Let c = g + -4. Suppose -3*x + d = -0*x - 101, 3*x - 71 = -c*d. What is the units digit of x?
2
Suppose 4*r + 2*a + 592 - 1618 = 0, -239 = -r + 3*a. What is the units digit of r?
4
Suppose 22*b = 20*b - 52. Let r = 29 + b. What is the units digit of r?
3
Let f(n) = n**3 + 8*n**2 + 6*n - 8. Let s be f(-7). Let g be -4 + 2 - (s + 4). What is the tens digit of (g + 9)/(4/14)?
1
Let p = -996 - -1475. What is the tens digit of p?
7
Let t(y) = 94*y**2 - 2*y - 3. Let m(u) = u**2 - 1. Let a(f) = 5*m(f) - t(f). Let r be a(1). Let z = r - -139. What is the tens digit of z?
5
Let o = 1432 - 455. What is the tens digit of o?
7
Let j = -7 + -3. Let g be (-1)/(((-2)/(-1))/j). What is the units digit of g/(-2)*72/(-20)?
9
Suppose 2*d - 9 = -d. Suppose 19 + 6 = 5*o. Suppose 4*a - d*n - 38 = 176, -o*a = n - 258. What is the units digit of a?
2
Let w = 637 - 125. What is the tens digit of w?
1
Let i(s) = -4*s**2 - 8*s - 1. Let u(y) = -y**2 - y - 1. Let o(h) = -i(h) + 3*u(h). Let t(r) = r + 1. Let x be t(-8). What is the units digit of o(x)?
2
Let r(h) = -394*h**3 + h**2 - 7*h - 7. What is the thousands digit of r(-2)?
3
Let p = 2800 - -2513. What is the tens digit of p?
1
Suppose 0 = 9*c - 1840 - 3650. What is the hundreds digit of c?
6
Let n be -4*(-9)/12 - 3. Suppose n*l - 3*l + 78 = 0. What is the tens digit of l?
2
Suppose -4*m = -3*y - 18073, -m - 2*m + 13571 = y. What is the units digit of m?
2
Let j be (-1 + 0 + -3)*(-366)/8. What is the tens digit of 3/(-5) - -2*j/10?
3
Let i(v) = 3*v + 23. Let x be i(0). Suppose 2*k + 4*c = 75 + x, c + 40 = k. What is the tens digit of k?
4
Let c be 6/(-48) + -23*3/24. What is the hundreds digit of 72/(-10)*(c + -27)?
2
Let t = -44 + 88. Let v be (-20)/8*t/(-10). Suppose 3*j - v = 5*j + 3*k, -3*j = k - 1. What is the units digit of j?
2
Let x(f) = 4*f**2 + 2*f + 1. Suppose -7 = -j - 5. What is the units digit of x(j)?
1
Suppose -5*w - 1381 = -4*o, w - 147 = -2*o + 540. What is the units digit of o?
4
Let x = 20 + -16. Suppose -x*b + 3*d = -537, 2*d - 387 = -3*b - d. Suppose -5*q = -9*q + b. What is the units digit of q?
3
Let p(m) = -m**3 + 8*m**2 - 7*m + 5. Let f be p(7). Suppose f*n - 4*w = 239 + 478, -n + 5*w + 135 = 0. What is the units digit of n?
5
Let q(f) = -f**3 - 44*f**2 + 3*f + 23. Let g(u) = 2*u**3 + 66*u**2 - 4*u - 34. Let d(j) = 5*g(j) + 8*q(j). What is the tens digit of d(11)?
5
Let r(g) = 3*g - 13. Let u be r(6). Suppose -3*j + b + 4 = -0*b, u*j - 12 = 3*b. Suppose 13*l - 9*l - 28 = j. What is the units digit of l?
7
Let j = -377 - -791. What is the hundreds digit of j?
4
Let g be 3*(-2 - 0)*21/2. Let m = 122 + g. What is the tens digit of m?
5
Let g = 411 + -284. What is the units digit of g?
7
Let h(d) = d**3 + d**2 + d. Let k be h(0). Let x be (-2 - -2)/(-1) + k. Suppose -3*w + 4*w - 11 = x. What is the tens digit of w?
1
Suppose 15*v = 4407 + 9333. What is the units digit of v?
6
Suppose -9849 = -8*o + 2607. What is the hundreds digit of o?
5
Suppose -3*w = -w + 16. Let j be (-51)/(-68) - 370/w. What is the tens digit of -9 + j - (1 + 3)?
3
Let b(d) = -d**2 - 8*d - 7. Let a be b(-7). Suppose -17 = 2*f - 3*f - 5*k, -2*f + 16 = 4*k. Suppose a = -2*t - f*t + 84. What is the tens digit of t?
2
Let t(h) = 4*h - 17. Let j(x) = -12*x + 50. Let d(p) = -3*j(p) - 8*t(p). Let o be d(5). Suppose o*u - 3*u - 129 = 0. What is the units digit of u?
3
Suppose 2*t = -6*t - 976. Let j = t - -235. What is the tens digit of j?
1
Suppose -3*o - 12 = 0, u - 5*u - o = -1508. Let k = u - 258. What is the hundreds digit of k?
1
Let i be (3 - 4) + -9*1. Let a(x) be the second derivative of x**3/6 + 8*x**2 + 41*x. What is the units digit of a(i)?
6
Suppose -j + 0*j + 485 = 3*v, 5*j - 2435 = -5*v. What is the tens digit of (j/6)/((-28)/(-42))?
2
Suppose -d - 2*d + 9 = 0. Let x(z) = -z**3 + 3*z**2 + 2*z - 2. Let t be x(d). Suppose 5 = o + s, t*o - o + s = 9. What is the units digit of o?
2
Let d(z) = -z**3 + 18*z**2 + 22*z. Suppose 0 = 3*m + 4*c - 26 - 23, 3*m - 2*c - 61 